git of b(y)?
2
Let t = -15 - -15. Suppose t = 5*b - 5, -5*c - 2*b = -6*b - 186. What is the units digit of c?
8
Let o = 593 + -510. Suppose -d + 10*w - 13*w + o = 0, w - 365 = -4*d. What is the tens digit of d?
9
Suppose 43*u = 54*u. Suppose 2*y + 5*k - 464 = u, -y - 4*k + k + 232 = 0. What is the units digit of y?
2
Let l = 546 + 21. What is the hundreds digit of (l/6)/((-7)/(-28))?
3
Let x(k) = k**2 - 11*k + 22. Let o be x(7). Let z(p) = 3*p + 109. What is the units digit of z(o)?
1
Suppose 3*l + 25 = 5*c + 4*l, 3*l = -2*c + 10. Suppose -5*b + c*g = 0, -4 = -b + 2*g - 2. What is the units digit of (-11)/(-11)*(b + (-381)/(-3))?
5
Let o(x) = 183*x**3 - 8*x**2 - 3*x + 1. Let v(p) = -p**3 - p**2 - p + 1. Let b(z) = o(z) - 6*v(z). Let r be b(2). What is the units digit of ((-2)/5)/((-7)/r)?
6
Let u(x) = x**2 + 21*x - 22. Let r be 4/((-22)/(-60) - 6/12). What is the tens digit of u(r)?
4
Suppose 30*u - 1802385 = 459036 - 550491. What is the hundreds digit of u?
0
Let t = -1234 - -659. Let k = -207 - t. What is the units digit of k?
8
Let s(k) = -4*k - 4. Let o be s(-2). Suppose -n + 5*b = -10, -b - 2 + 0 = o*n. Suppose m = 5*r - n + 171, -3*r + 967 = 5*m. What is the hundreds digit of m?
1
Let j(m) = -3*m**2 - 157*m - 3. What is the hundreds digit of j(-17)?
7
Let t be 3/(-4) + 1 - 1912/(-32). Suppose 3588 = -58*x + t*x. What is the units digit of x?
4
Suppose -147*p = -122*p - 1016575. What is the units digit of p?
3
Let p = -18 + 18. Suppose 850 = 4*q + 2*o, p = 2*o - 7*o - 15. Let m = q + -120. What is the tens digit of m?
9
Let u(n) = 3*n**2 - 2*n - 8. Let y be u(-15). Suppose -53*k = -48*k + 4*j - 1738, j = -2*k + y. What is the units digit of k?
0
Let a be (35/20)/((-30)/(-8) - 4). What is the units digit of a/(-21)*(-150)/4*-22?
5
Let q(d) = 2*d. Let w(k) = 13*k. Let r(m) = 13*q(m) - w(m). Let b(x) = -12*x + 1. Let u(o) = 6*b(o) + 5*r(o). What is the hundreds digit of u(-15)?
1
Let r = 12099 - 3945. What is the units digit of r?
4
Suppose j = 18 + 117. Suppose -l + j = -16*l. Let a(o) = -2*o**2 - 20*o + 1. What is the tens digit of a(l)?
1
Let v = 1719 - -8323. What is the ten thousands digit of v?
1
Let n = 151 + 223. Let o = n - 132. What is the tens digit of o?
4
Let x(a) = a**3 + 2*a - 5. Let j be x(0). Let c = 3 - 2. What is the units digit of 79 - (j - -3) - c?
0
Suppose 1 = -4*g + 25. Suppose 435 = g*q - 3*q. Let m = q - 48. What is the units digit of m?
7
Suppose -20*r = -39185 + 2025. Let m = -970 + r. What is the hundreds digit of m?
8
Let a(g) = -36*g**3 - 6*g**2 - 2*g + 16. What is the tens digit of a(-2)?
8
Let r be (1 - -371) + (5 - 6). Suppose 3*n + r = -52. What is the tens digit of (n/(-9))/(2/6)?
4
Let v be (5 - 8)/(-1 - 0). Suppose v*y + 5*i - 344 = 109, -6 = -2*i. What is the units digit of y?
6
Suppose 3*n + w - 6388 = 0, -6040 = -3*n + 4*w + 358. What is the units digit of n/6 - (17 + -11)?
9
Suppose -52*o - 310*o - 3107865 = -12369997. What is the thousands digit of o?
5
Suppose -1134 = -4*a + 5*u, 7*a + 5*u + 1420 = 12*a. Let x = a + 51. What is the tens digit of x?
3
Let c(d) = d**3 + 4*d**2 + 4. Let q be c(-4). Suppose 0 = q*v - 3*v - 3*v. Let t(b) = 4*b + 57. What is the units digit of t(v)?
7
Let u = -9375 - -26091. What is the thousands digit of u?
6
Let v = 64 + -28. Let u = 38 + v. Suppose -3*x = 4*i - 110, 2*i + 0*i = -2*x + u. What is the units digit of x?
8
Suppose 5*k - x = 4*x + 310, 0 = 5*k + 4*x - 328. Let l be (108/14)/(3/21). Let z = k - l. What is the tens digit of z?
1
Suppose -23*n - 727 = -152. What is the hundreds digit of ((-45)/n)/((-3)/(-275))?
1
Let x = -21 - -24. Suppose x*n - 19*n + 4208 = 0. What is the units digit of n?
3
Suppose 10*g = 242 + 398. Suppose -3*z + 4*k = -172, z - 3*k - g = -0*k. What is the units digit of z?
2
Let a(j) = 167*j - 74. Let w be a(7). What is the units digit of (63/35)/(3/w) + -5?
2
Let i(h) = -3*h**3 - 30*h**2 - 17*h + 9. Let g be i(-12). Let j = 1754 - g. What is the tens digit of j?
7
Suppose 5*t - 662 + 2272 = 0. Let y = t - -587. What is the tens digit of y?
6
Suppose -91 + 95 = 4*i. What is the units digit of 34 - (1 - 6)*i?
9
What is the tens digit of (1536/(-18))/((-32)/3360)?
6
What is the thousands digit of 8/(-6)*2308317/(-242)?
2
Suppose 6*d - 14*d = 96. What is the hundreds digit of (5150/4)/5*d/(-10)?
3
Let h be (-240)/(-2)*(7 + 105/(-14)). What is the units digit of (-35208)/h + (-12)/(-10)?
8
Let s = 16055 + -14228. What is the units digit of s?
7
Let y(b) = b - 7. Let r be y(-6). Let l(x) = -7*x**2 + 23*x - 1. Let z(o) = 19*o**2 - 69*o + 4. Let c(n) = 11*l(n) + 4*z(n). What is the tens digit of c(r)?
3
Let x = -49244 - -69279. What is the hundreds digit of x?
0
Let t(p) = 792*p**3 + 1 - 5*p + 3 + 5*p**2 - 794*p**3. What is the thousands digit of t(-9)?
1
Suppose -38*b = -41*b + 2*s + 17597, 4*b - 23444 = -2*s. What is the tens digit of b?
6
Let v(z) = 57*z - 21. Let y be v(18). Let k = y + -501. What is the units digit of k?
4
Let y be (-136)/(-6)*(-54)/(-36). Suppose -4*t + x + y = 3*x, 0 = -2*t + 4*x + 22. Suppose 1732 = t*o + 58. What is the units digit of o?
6
Let i(c) = 5959*c**2 - 47*c + 43. What is the hundreds digit of i(2)?
7
Suppose 37*f + 2*f + 303525 = 54*f. What is the ten thousands digit of f?
2
Let j = -272 - -293. What is the tens digit of 6750/105 - 6/j?
6
Let y = 660 + 1547. What is the thousands digit of y?
2
Let o(s) be the second derivative of -s**5/20 + s**4/3 - s**3/6 + s**2 + 7*s. Let i be o(2). What is the tens digit of (-118)/(-1) - (i + -12)?
2
Suppose 5*r - 20*r = -30. Suppose -16*o - 2*a = -17*o + 1608, 5*o - 8032 = r*a. What is the tens digit of o?
0
Let x(y) = y**3 + 4*y**2 + 2*y + 1. Let t be x(-2). Let k = t - -50. What is the tens digit of k?
5
Suppose 63*l - 152*l + 1267538 = 0. What is the units digit of l?
2
Suppose -3*t + 65 = 2*t - 2*x, 0 = -4*x - 20. Let n be ((-3)/(3/(-4)))/(t/66). What is the tens digit of (-6 - (-204)/16)*(0 + n)?
6
Let p be ((-106)/265)/(2/(-10)). Suppose p*u = -2*z + 1242, 3*u - 3*z = -u + 2498. What is the hundreds digit of u?
6
Suppose -60*b = 3*b - 464562. What is the units digit of b?
4
Suppose 4*r - 5*b - 110487 = 0, 4*r - 3*b - 93025 = 17448. What is the hundreds digit of r?
6
Suppose 19150 = 4*c + 2*j, -j - 12338 = -4*c + 6827. Suppose -4*x + 2*u + c = 0, -6*x - u - 1199 = -7*x. What is the hundreds digit of x?
1
Let i(y) be the third derivative of 7/60*y**5 + 0*y - 5*y**2 + 1/120*y**6 + 0 - 1/8*y**4 + 5/6*y**3. What is the tens digit of i(-5)?
7
Let y = 153 - 140. Suppose -4*z = v - 376, -3*z + 378 = -y*v + 14*v. What is the hundreds digit of v?
3
Let k(w) = w**2 - 22*w - 12. Let l be k(22). What is the units digit of (108/48 - (2 - -2))*l?
1
Let t = 54 - 29. Suppose 3*r - t = -10, -4*b + 4*r - 92 = 0. Let p = -3 - b. What is the tens digit of p?
1
What is the tens digit of (9 - 16)*(1 - 370) - 2?
8
Let f be 14/(-70) + 126030/25. Suppose f = -7*t + 12622. What is the units digit of t?
3
Suppose z = -m + 17 + 13, -2*z = -5*m + 157. Suppose -23*o + m*o - 9776 = 0. What is the tens digit of o?
2
Suppose 0 = -63*w + 123*w - 4008000. What is the thousands digit of w?
6
Let w = 4586 + 2446. What is the units digit of w?
2
Let a = -29656 + 45369. What is the thousands digit of a?
5
Let z(s) = -9*s - 35. Let l be z(-9). Suppose 3*c + 3 = 0, -2*c = -4*n + 8 + l. What is the units digit of n*120/21 - (-2)/(-7)?
4
Let d = 1527 - -2458. What is the units digit of d?
5
Let b be (-4 + 0 + 1871)/(-1). Let a = b + 3435. What is the hundreds digit of a?
5
Suppose -60*f + 29*f + 22*f = -197550. What is the units digit of f?
0
Let h(i) = 4*i - 5*i + 10*i - i - 35. Let t be h(5). Suppose -5*r + 900 = t*n, 3*n - 4*r - 541 = -8*r. What is the units digit of n?
9
Let y be 2 + -5 + 6 - -25. Suppose -4*b - y = -11*b. Suppose b*h - 366 = -34. What is the units digit of h?
3
Suppose -28 = -4*n - 0*n. Let i be (n - 6)/((-3)/99). Let o = i - -73. What is the units digit of o?
0
Let u = 12426 - -6645. What is the tens digit of u?
7
Let v(d) = 2*d**2 + 47*d - 77. Let s be 5 + -33 + 28/(-4). What is the units digit of v(s)?
8
Let n(f) = f**2 - 15*f - 123. Let z be n(-6). Suppose 4*p = -z*p + 4158. What is the hundreds digit of p?
5
Suppose 1999*f = 1957*f + 635796. What is the thousands digit of f?
5
